he greatest common factor of 171 and o.
19
Suppose 12*v - 2 = 13*v. Let o = v + 4. Suppose 5*h - 102 = o*h. Calculate the highest common factor of h and 17.
17
Let t be (0 + -1)*-2 - -3 - -667. Calculate the highest common divisor of t and 126.
42
Let a(y) = -y**3 - 24*y**2 + 50*y - 46. Let q be a(-26). Calculate the greatest common divisor of 32 and q.
2
Let i be (-18)/(-5)*(-345)/(-3). Suppose 7*k - 303 = 19. Calculate the greatest common factor of k and i.
46
Let b be ((-1)/(-1))/((-1)/(-3)). Suppose -4*c + 2*a = c - 37, 4*a = c + 7. Calculate the greatest common factor of b and c.
3
Let y be 1/(6*1/18). Suppose -5*d + y*d + 10 = 0. Calculate the greatest common divisor of d and 25.
5
Suppose -3*w + 78 = 4*d, -8*d - 3*w + 99 = -3*d. What is the greatest common divisor of 3 and d?
3
Let l = -5 - -11. Suppose 2*c + 550 = 7*c. Suppose -i - c = -l*i. Calculate the greatest common divisor of 176 and i.
22
Let l = 137 + -133. Suppose -f + l*w + 61 = 0, -5*f = -5*w + 4*w - 324. Calculate the highest common factor of 39 and f.
13
Suppose -5*h + a + 1501 = 0, h - 4*h + a + 901 = 0. Calculate the greatest common factor of h and 12.
12
Suppose -12*b = 13*b - 150. What is the highest common divisor of b and 822?
6
Let x = 411 + -309. Calculate the highest common factor of x and 34.
34
Suppose 418 = 14*b - 3*b. Suppose -b = -2*h + 3*k + 3, h + 5*k = 1. Calculate the greatest common divisor of h and 176.
16
Suppose -3*o = -0*y + y + 8, -2*y = -o - 12. What is the greatest common factor of 44 and y?
4
Let t(i) be the first derivative of i**4/4 - 2*i**3 + 5*i**2/2 + 4*i + 11. Let k be t(5). What is the highest common factor of 44 and k?
4
Let j = 58 - 30. Let r be 8322/27 + (-2)/9. What is the greatest common factor of r and j?
28
Suppose -5*k + 4 = -3*b, 0 = k - b + 3*b - 6. Let n(f) = f - 6*f + 9 + f**k - 17. Let a be n(7). Calculate the greatest common divisor of 15 and a.
3
Suppose 4*m + 1280 = 20*m. Calculate the highest common divisor of m and 48.
16
Let j be 21/(-21) + (0 + 1 - -11). Calculate the highest common factor of j and 1859.
11
Let l be ((-66)/(-8))/(12/32). Let n = 3456 + -3214. Calculate the greatest common factor of l and n.
22
Let n(l) = l**3 - 7*l**2 - 6*l + 1. Suppose -10*z + 16 = -8*z. Let w be n(z). What is the highest common factor of 102 and w?
17
Let q(f) = f**2 - 9*f + 4. Let h be q(10). Let c = 40 - 5. What is the highest common factor of c and h?
7
Let o(h) = 21*h**3 - h**2 + 5*h - 4. Let a be o(1). What is the highest common divisor of 168 and a?
21
Let y(s) = -7*s + 7*s + 5 + s**3 - s**2. Let p be y(0). Calculate the highest common factor of p and 50.
5
Suppose 4*l = -2*n + 4*n + 362, 2*n + 2 = 0. Suppose -4*t = -2*t - l. What is the greatest common factor of t and 30?
15
Suppose 0 = 3*j - 2*j - t + 2, -j - 2*t + 13 = 0. Suppose 2*n - 4*z = -2*z + 18, j*n - 4*z - 23 = 0. Calculate the highest common factor of 13 and n.
13
Suppose -6*z - 44 + 692 = 0. Calculate the greatest common factor of z and 4.
4
Let z be 9/(-36) + ((-317)/(-4) - -1). What is the greatest common divisor of z and 64?
16
Let y be (-78)/(-10) - (-3)/15. Let c = -1132 - -1172. What is the greatest common divisor of y and c?
8
Let z = 40 - 61. Let g = -8 - z. What is the highest common factor of g and 91?
13
Let y be (6/(-2))/(3/(-56)). Suppose -8*a = 23 - 47. Suppose -u = -a*u + y. What is the greatest common divisor of u and 4?
4
Let l = 380 - 252. Suppose -i = 15*i - l. Calculate the greatest common divisor of i and 8.
8
Suppose 0 = -5*b - g + 155, 29 = b + g + 2. What is the greatest common factor of b and 32?
32
Let b = -70 + 78. Let p be ((-132)/b)/((-6)/8). Calculate the highest common factor of 88 and p.
22
Suppose 108*t - 4015 + 559 = 0. Calculate the highest common factor of 816 and t.
16
Let y be -24*(-4 + (-124)/(-6)). Let i be (-2 - 0) + y - -2. Let o be (72/(-10))/(60/i). What is the highest common divisor of o and 32?
16
Let y(m) = 513*m**2 - 10*m + 9. Let n be y(1). Calculate the greatest common factor of 64 and n.
64
Let s be ((-138)/24)/(-23)*248. Let k(f) = 155*f. Let w be k(1). Calculate the greatest common divisor of w and s.
31
Let b(o) = -o**3 + 2*o**2 + 8*o - 4. Let c be b(3). What is the highest common divisor of c and 352?
11
Suppose -2*k + 3*k - 5 = 2*u, -5*k = -15. Let z be (-3)/(u*(-1)/(-21)*3). Calculate the highest common divisor of z and 3.
3
Let v = -1 - -1. Suppose 0 = 3*q - 21 - v. Suppose 2*a - 28 = -49*d + 44*d, 2*a = 5*d + 28. What is the highest common factor of q and a?
7
Suppose 0 = -9*x - 4*x + 247. Calculate the highest common factor of 475 and x.
19
Let o(v) = -10*v - 142. Let r be o(-17). Calculate the greatest common divisor of 8 and r.
4
Let w(v) = v + 1. Let u be w(5). Suppose -d - 20 = -u*d. Suppose d*m + 9 = 125. What is the highest common divisor of m and 319?
29
Suppose 3*c = m + 2*m + 48, c - 31 = 4*m. Let n = -5 + 1. Let q be (9 - -2)/(n/(-28)). Calculate the highest common divisor of q and c.
11
Suppose h = -2*s - 2*s - 276, -552 = 2*h - 4*s. Let c = h - -409. Let x be (35 - 43 - (-7 + 0)) + 20. What is the highest common divisor of x and c?
19
Let x be 1/(-2) - 238/(-4). Suppose 235 = n + x. Suppose 0*s = -9*s + 144. What is the greatest common factor of s and n?
16
Let h be 14/21*((-27)/(-2))/(-3). Let k be -18*(-4)/(-24)*h. What is the highest common divisor of k and 27?
9
Let n(d) = -2*d + 250. Let o be n(2). What is the highest common factor of 410 and o?
82
Let p = 14 - 8. Suppose 0 = p*i - 42 - 198. Suppose -s - s = -i. Calculate the highest common divisor of s and 10.
10
Let f(k) = 7*k + 174. Let d be f(-22). Let z(b) = 3 + 22*b + 1 - 56*b. Let p be z(-4). What is the greatest common divisor of p and d?
20
Let p(n) = -n**3 - 5*n**2 + 2*n + 10. Let a be p(-5). Suppose 4*m - 12 = a, 3*j + 5*m = 32 - 2. What is the highest common divisor of 35 and j?
5
Suppose -13*o = -9*o - 48. Calculate the greatest common factor of o and 876.
12
Suppose -169*i - 925 = -174*i. Calculate the highest common divisor of 333 and i.
37
Suppose 127 = 9*o - 4*o + 2*d, 70 = 2*o - 4*d. Suppose -24*r - 51 = -o*r. Calculate the highest common factor of 187 and r.
17
Suppose 9240 = 17*a - 9*a. Calculate the highest common factor of 33 and a.
33
Let x be (198/(-231))/((-1)/812). Calculate the highest common factor of 24 and x.
24
Let m be 0 + 1 - 0/9. Let k be 0*(-4 - 3/(-1)). Let v be k - 2 - (0 - 4). Calculate the greatest common factor of m and v.
1
Let i = -857 + 1865. Calculate the highest common divisor of 378 and i.
126
Suppose 0 = -9*o + 13*o. Suppose 3*r = 3*g - 18, 3*g - r - 18 = -o*r. Let c(p) = -15*p - 6. Let s be c(-4). What is the highest common factor of g and s?
6
Let j(u) = 6*u**2 + u - 1. Let k be j(-3). Suppose -k - 20 = -2*l. Suppose 2*g + 0*g - 4 = 0, 5*g - 15 = -d. Calculate the highest common divisor of d and l.
5
Let a(c) = -21*c + 15. Let r be a(-7). Let h = -98 + r. Suppose -q - q + h = 5*g, -44 = -4*g - 4*q. What is the highest common divisor of g and 2?
2
Let g be -20 + -17 - 2*-2. Let s = -12 - g. Calculate the greatest common divisor of 21 and s.
21
Let q(c) = 13*c + 33. Let t be q(11). Suppose 3*h - 4*a = 40, 0 = 2*h + 3*a - 5*a - 28. What is the highest common divisor of t and h?
16
Let a(h) = h**2 + 24*h - 144. Let k be a(5). Let o(x) = -x - 1. Let c be o(-3). What is the highest common factor of c and k?
1
Suppose 90 = 7*w - 6*w. Let l = 9 + -4. Suppose 0*t + l*t = w. Calculate the highest common factor of t and 126.
18
Let t be (5/4)/(-8*10/(-640)). What is the greatest common divisor of 4 and t?
2
Let a = -34 + 122. Let z(d) = -d**2 + 4*d - 1. Let f be z(3). Suppose 6*g = -2*y + f*g + 36, 4*y = 4*g + 96. What is the highest common factor of a and y?
22
Let s = 1569 - 1513. Calculate the highest common factor of s and 476.
28
Let m = -7 - -10. Suppose -4*y - 6*t = -2*t - 32, 0 = -2*y + m*t + 1. Let i = 7 + 18. What is the highest common divisor of i and y?
5
Let g(x) be the third derivative of 0*x + x**3 - 7*x**2 + 0 + 7/24*x**4. Let s be g(3). Calculate the greatest common divisor of s and 135.
27
Let v be 119/(-3 + -4)*-1. What is the highest common divisor of v and 153?
17
Let m = 389 - 368. What is the highest common factor of 483 and m?
21
Let c(t) = -1. Let x(p) = 2*p - 9. Let u(a) =